ainder when 3043 is divided by 1364?
315
What is the remainder when 9008515 is divided by 11?
10
What is the remainder when 92983 is divided by 85?
78
Calculate the remainder when 982 is divided by 52.
46
Calculate the remainder when 11147 is divided by 63.
59
Calculate the remainder when 100136 is divided by 3.
2
What is the remainder when 3746 is divided by 748?
6
Calculate the remainder when 2711 is divided by 804.
299
Calculate the remainder when 76507 is divided by 5.
2
What is the remainder when 28435 is divided by 3548?
51
What is the remainder when 8387 is divided by 2080?
67
Calculate the remainder when 272 is divided by 13.
12
Calculate the remainder when 1765776 is divided by 32105.
1
What is the remainder when 10175 is divided by 156?
35
Calculate the remainder when 2408 is divided by 392.
56
Calculate the remainder when 2433 is divided by 806.
15
Calculate the remainder when 2629 is divided by 89.
48
Calculate the remainder when 31208 is divided by 22.
12
What is the remainder when 533 is divided by 88?
5
Calculate the remainder when 16707 is divided by 5548.
63
Calculate the remainder when 4536 is divided by 72.
0
Calculate the remainder when 103194 is divided by 51.
21
What is the remainder when 11510 is divided by 2806?
286
Calculate the remainder when 363 is divided by 29.
15
Calculate the remainder when 44672 is divided by 290.
12
Calculate the remainder when 14822 is divided by 14714.
108
What is the remainder when 5216 is divided by 341?
101
What is the remainder when 49713 is divided by 7101?
6
Calculate the remainder when 140499 is divided by 255.
249
What is the remainder when 1359596 is divided by 11?
7
What is the remainder when 34580 is divided by 59?
6
What is the remainder when 5422 is divided by 2700?
22
What is the remainder when 110332 is divided by 37?
35
What is the remainder when 10519 is divided by 294?
229
What is the remainder when 3103 is divided by 129?
7
Calculate the remainder when 383642 is divided by 121.
72
What is the remainder when 187861 is divided by 29?
28
Calculate the remainder when 5459 is divided by 1793.
80
Calculate the remainder when 40843 is divided by 23.
18
What is the remainder when 12225 is divided by 36?
21
What is the remainder when 1471753 is divided by 22?
19
Calculate the remainder when 19011 is divided by 10.
1
Calculate the remainder when 6267 is divided by 1253.
2
What is the remainder when 1229 is divided by 671?
558
What is the remainder when 78157 is divided by 176?
13
What is the remainder when 5914 is divided by 981?
28
Calculate the remainder when 641758 is divided by 120.
118
What is the remainder when 3959 is divided by 10?
9
What is the remainder when 35490 is divided by 5028?
294
What is the remainder when 6284853 is divided by 955?
953
Calculate the remainder when 10575 is divided by 3298.
681
Calculate the remainder when 10259 is divided by 42.
11
What is the remainder when 103534 is divided by 62?
56
What is the remainder when 51973 is divided by 536?
517
What is the remainder when 66496 is divided by 783?
724
What is the remainder when 81524 is divided by 1430?
14
What is the remainder when 321304 is divided by 233?
230
What is the remainder when 29066 is divided by 43?
41
Calculate the remainder when 12312 is divided by 47.
45
What is the remainder when 1912 is divided by 214?
200
Calculate the remainder when 17702 is divided by 25.
2
Calculate the remainder when 40993 is divided by 13661.
10
Calculate the remainder when 7546 is divided by 37.
35
Calculate the remainder when 7648 is divided by 680.
168
Calculate the remainder when 10145 is divided by 418.
113
Calculate the remainder when 94426 is divided by 227.
221
Calculate the remainder when 8969 is divided by 13.
12
Calculate the remainder when 248014 is divided by 47.
42
What is the remainder when 33700 is divided by 63?
58
What is the remainder when 35905 is divided by 40?
25
What is the remainder when 5235 is divided by 582?
579
Calculate the remainder when 623340 is divided by 207776.
12
Calculate the remainder when 27537 is divided by 135.
132
Calculate the remainder when 65371 is divided by 771.
607
Calculate the remainder when 314 is divided by 188.
126
What is the remainder when 4409 is divided by 703?
191
What is the remainder when 1269 is divided by 482?
305
What is the remainder when 85384 is divided by 72?
64
Calculate the remainder when 92363 is divided by 516.
515
What is the remainder when 3390 is divided by 563?
12
Calculate the remainder when 409 is divided by 4.
1
Calculate the remainder when 3251786 is divided by 49.
48
What is the remainder when 1186 is divided by 56?
10
What is the remainder when 75720 is divided by 129?
126
Calculate the remainder when 3820 is divided by 68.
12
Calculate the remainder when 879030 is divided by 616.
614
What is the remainder when 10685 is divided by 205?
25
What is the remainder when 61457 is divided by 28?
25
What is the remainder when 1351 is divided by 338?
337
Calculate the remainder when 3112 is divided by 7.
4
Calculate the remainder when 13142 is divided by 39.
38
What is the remainder when 19441 is divided by 1140?
61
Calculate the remainder when 1331 is divided by 170.
141
What is the remainder when 13073 is divided by 771?
737
Calculate the remainder when 4573 is divided by 30.
13
Calculate the remainder when 127712 is divided by 247.
13
Calculate the remainder when 536 is divided by 283.
253
Calculate the remainder when 1082368 is divided by 5439.
7
Calculate the remainder when 8280 is divided by 1633.
115
Calculate the remainder when 8685 is divided by 35.
5
What is the remainder when 542910 is divided by 499?
497
What is the remainder when 1835 is divided by 446?
51
What is the remainder when 31493 is divided by 174?
173
What is the remainder when 313 is divided by 54?
43
Calculate the remainder when 29185 is divided by 195.
130
What is the remainder when 19620 is divided by 36?
0
What is the remainder when 10358 is divided by 409?
133
What is the remainder when 1057 is divided by 154?
133
What is the remainder when 8289 is divided by 8235?
54
Calculate the remainder when 6838 is divided by 147.
76
Calculate the remainder when 3409 is divided by 163.
149
Calculate the remainder when 59062 is divided by 7.
3
What is the remainder when 39615 is divided by 46?
9
Calculate the remainder when 104650 is divided by 20.
10
What is the remainder when 2097 is divided by 1034?
29
Calculate the remainder when 104660 is divided by 19.
8
Calculate the remainder when 5360 is divided by 101.
7
What is the remainder when 9598 is divided by 28?
22
Calculate the remainder when 186037 is divided by 4.
1
What is the remainder when 136146 is divided by 248?
242
Calculate the remainder when 9840 is divided by 9622.
218
What is the remainder when 2386024 is divided by 132?
124
What is the remainder when 86115 is divided by 83?
44
Calculate the remainder when 1971 is divided by 284.
267
What is the remainder when 10065 is divided by 3313?
126
Calculate the remainder when 23037 is divided by 240.
237
What is the remainder when 39397 is divided by 19555?
287
Calculate the remainder when 7438 is divided by 1091.
892
What is the remainder when 88488 is divided by 44240?
8
Calculate the remainder when 15960 is divided by 43.
7
What is the remainder when 10357 is divided by 11?
6
What is the remainder when 209201 is divided by 42?
41
Calculate the remainder when 32744 is divided by 16353.
38
What is the remainder when 3457 is divided by 278?
121
What is the remainder when 22856 is divided by 4571?
1
Calculate the remainder when 86559 is divided by 2704.
31
What is the remainder when 147547 is divided by 49154?
85
Calculate the remainder when 1167289 is divided by 61.
54
Calculate the remainder when 26983 is divided by 156.
151
What is the remainder when 1268791 is divided by 1213?
1206
Calculate the remainder when 57830 is divided by 383.
380
What is the remainder when 2052 is divided by 200?
52
Calculate the remainder when 1155 is divided by 569.
17
Calculate the remainder when 2257 is divided by 42.
31
Calculate the remainder when 66373 is divided by 897.
892
Calculate the remainder when 25341 is divided by 26.
17
Calculate the remainder when 10816 is divided by 6